pose -8 = -2*m, 4*n + m = -z*n + 36. What is the units digit of n?
8
Suppose -4*g + g + 96 = 0. What is the tens digit of g?
3
Suppose v = 271 + 25. What is the hundreds digit of v?
2
Suppose 3*z + 18 + 19 = 2*s, -4*z - 16 = 4*s. What is the tens digit of z/(-6)*192/9?
3
Let k be 39/(-12)*(-3 - 1). Let p = -7 + k. What is the units digit of p?
6
Suppose 0*f = -5*f. Let p = f - 0. Suppose -2*r + 3 = 4*t - 5, p = 4*t - r - 8. What is the units digit of t?
2
Let w(s) be the first derivative of s**4/4 + s**3 + 3*s**2/2 + s - 1. Let o be w(-2). Let h(a) = 7*a**2 - a. What is the units digit of h(o)?
8
Let g(k) = 6*k**2 + k - 10. What is the tens digit of g(3)?
4
Let n be (-64)/3 - (-1)/3. Let l = 11 - n. Suppose c - l = -c. What is the units digit of c?
6
Let n(r) = r - 4. Let l be n(7). Suppose 2*f + l*d - 35 = 0, 5*f - 5*d = 105 - 30. What is the tens digit of f?
1
Let u = 6 + -3. Let y(q) = q**3 - 3*q**2 + 2*q + 2. Let t be y(u). Suppose 21 = t*a - 3*a - z, 2*z = a - 6. What is the units digit of a?
4
Let d(h) be the third derivative of h**5/60 - h**4/8 + h**3/2 + 4*h**2. Suppose -5*t + 0*p = -p - 17, 5*p = t - 13. What is the units digit of d(t)?
3
Suppose 4*v = -v + 25, 70 = 4*n + 2*v. What is the tens digit of n?
1
What is the units digit of (-1 - 1 - 47)*-3?
7
Suppose -2*g = -4*u - g + 36, 4*u - 3*g = 44. Let j = u + -3. What is the units digit of j?
5
Let k = -6 - -20. Let d = k - -5. What is the tens digit of d?
1
Suppose 2*p - 23 = 9. Suppose 0*v = v - p. Suppose v = -2*n + 4*n. What is the units digit of n?
8
Suppose 0*m + 3*m = 0. What is the units digit of 27*(3/9 + m)?
9
Suppose 0 = r - 2, -4*x + 25 = x - 5*r. Suppose -f = -10 + x. What is the units digit of f?
3
Let s(k) = k**2 - 3*k + 1. Let m be s(2). Let x(u) = -2*u**3 - u. What is the units digit of x(m)?
3
Let h(n) = n + 8. Let z be h(-11). Let a = z + 17. Suppose 5*y - a = -2*u, 4*u - 3*u = -2*y + 6. What is the units digit of y?
2
Let i(p) = -p**3 + 2*p**2 + 4*p - 1. Let x be i(3). Suppose -x*o - 4*s = o - 20, 30 = 4*o + 2*s. What is the units digit of o?
8
Let s be (15/(-3))/(0 + -1). Let g(y) = -y**2 + 3*y + 4. Let d be g(s). What is the units digit of 0 + 2/(d/(-15))?
5
Suppose 27 = 3*p + 2*w, 0 = -p + 5*w - 2 - 6. Suppose -3*t = -p*t + 212. What is the tens digit of t?
5
Suppose 3*i - 4*w + 2 = 0, 6*i + 4*w = 2*i + 16. What is the units digit of i?
2
Let b(k) = -k**2 + 10*k + 8. Let u(s) = s**2 - 11*s - 9. Let g(x) = -5*b(x) - 4*u(x). What is the units digit of g(7)?
3
Let l(b) = b + 2. Let y be l(7). Let j(q) = 5*q + 3. Let a be j(y). Suppose -2*g + o + a = 0, 4*o - 50 = -5*g + 2*g. What is the units digit of g?
2
Let c(t) be the second derivative of -1/2*t**2 + 2*t - 2/3*t**3 + 0. What is the units digit of c(-1)?
3
Suppose 4*l - 2*l - 32 = 0. What is the units digit of l?
6
Let n be -1*(-1 + -11*11). What is the units digit of n/14 - (-12)/42?
9
Let q = -121 - -175. What is the units digit of q?
4
Suppose 3*f = 12 - 3. Let u = 10 + f. What is the units digit of u?
3
What is the tens digit of 5/(-10) - 75/(-2)?
3
Let f(v) = -3*v + 2. What is the units digit of f(-6)?
0
What is the tens digit of ((-4)/(-10))/(6/450)?
3
Let t = 88 - 49. Suppose t = k + 2*k + 5*w, w - 35 = -4*k. What is the units digit of k?
8
Let n(t) = 3*t + 8. Let w be n(-8). What is the units digit of -2 + 2/2 - w?
5
Let k = 489 + -146. What is the tens digit of k?
4
What is the tens digit of ((-15)/25)/3 - (-1271)/5?
5
Let a(d) = d. Let r(i) = -i**2 - 3*i - 5. Let k(z) = a(z) - r(z). Let q be k(-4). Let s = q - -1. What is the units digit of s?
6
Let c(d) = 3*d**3 - 3*d + 2. Let r be c(2). Suppose -3*o + o + r = 0. What is the units digit of o?
0
Suppose 0*c + 302 = 3*c + 4*k, -546 = -5*c + 4*k. What is the tens digit of c?
0
Let y be 122*(-1)/(-2) + 3. What is the tens digit of (8/16)/(1/y)?
3
Let y = -3 + 6. Suppose -3*p = f + 8, -p + 11 = -y*p + 5*f. What is the units digit of (-15)/(-9) + 2/p?
1
Let j(w) = w**2 + 3*w - 7. Let i be j(-5). Suppose 4*y - i*y = 2*g - 14, -3*y = 12. What is the units digit of g?
5
What is the units digit of (5/10)/((-3)/(-78))?
3
Let i be (-8)/12*6/4. Let n be (-1)/(((-3)/(-12))/i). Suppose -n*j + 0*j = -8. What is the units digit of j?
2
Suppose -k + 2 = -0*k. Suppose 0 = k*a - 14 - 16. What is the units digit of a?
5
Let x = 0 - -3. Suppose x*z + 14 = 50. What is the units digit of -2*(-5)/(15/z)?
8
Suppose 1 - 12 = 2*g - 3*f, -4*g + f - 17 = 0. What is the units digit of 5 - 2*(-2)/g?
4
Let a be -2 - (0 - -8)/(-4). Suppose a = -2*r - 0*r + 20. What is the units digit of r?
0
Let j = -11 + 37. Let n = 4 + j. Suppose 0 = -f + 6*f - n. What is the units digit of f?
6
Suppose -4*c + 39 = 15. Suppose 3*m = -0*m + c. What is the units digit of m?
2
Suppose 199 + 5 = 3*c. What is the units digit of c?
8
Let d(w) = -w**3 - w**2 + 3*w + 3. Let i be d(-2). Let x = -2 - 4. Let k = i - x. What is the units digit of k?
7
Suppose 0*m + 108 = 3*m. Let q = m + 12. What is the units digit of q?
8
Suppose 0 = -3*n - 2 - 1. What is the tens digit of n + -2 - (-53 + 6)?
4
Let u be ((-3)/(-1))/((-3)/3). Let n be 88*u*(-1)/6. Suppose -n = -8*j + 3*j - v, -2*v = -5*j + 47. What is the units digit of j?
9
Let g(p) = -p + 8. Let c = -5 - -3. Let a be 12*((-6)/4 - c). What is the units digit of g(a)?
2
Suppose -3*x = 44 - 17. Let d = x - -7. Let j = 6 - d. What is the units digit of j?
8
Suppose -2*o - 38 = -3*l + 8, -33 = -2*l - o. Let p = l + -4. What is the units digit of p?
2
Let j = -80 + 151. What is the tens digit of j?
7
Let i = 5 + -1. Suppose -c - 4*y = -12, -2 = -3*y + i. Let s(d) = d**3 - 3*d**2 - 2*d - 5. What is the units digit of s(c)?
3
Suppose -2*y + 4 + 4 = 0. Let r = 8 + -4. Suppose r*k + y = 12. What is the units digit of k?
2
Suppose 2*q + 3*q - 145 = 0. Let z = q + -9. What is the tens digit of z?
2
Let u(q) = q**2 - 10*q + 9. Let g be u(9). What is the units digit of 2 + 1 + g + 9?
2
Suppose -255 = -5*x - 5. Suppose u - 6*u + 410 = 0. Suppose -2*t + 5*t + u = 5*a, 3*a - 2*t - x = 0. What is the units digit of a?
4
Let c = 57 - -88. Suppose 0 = -0*j + 5*j - c. What is the tens digit of j?
2
Suppose 3*p + 5*w - 43 = 16, -4*w = 5*p - 81. What is the units digit of p?
3
Let d = 71 - 50. Suppose 3*y - 27 = d. Let o = y - 7. What is the units digit of o?
9
Suppose 3*z = -2*z + 250. What is the tens digit of z?
5
Let p(r) = -r**3 - 7*r**2 + r + 10. Let k be p(-7). What is the tens digit of (-2 - 13)/(k/(-5))?
2
Suppose 2*g + 2*t = 42, -2*g + t + 0*t + 45 = 0. Let n = -13 + g. What is the units digit of n?
9
Let y be 9 + 0*3/9. Suppose -5*w = -a - 7 - y, w + 2*a - 1 = 0. What is the units digit of w?
3
Let s(y) = 7*y**2. What is the units digit of s(-1)?
7
What is the units digit of (24/20)/((-2)/(-15))?
9
Let w(z) = 2*z - 3. Let d be w(3). Let g = 5 - 1. Suppose d*p = -2*i + 29, -g*i = p - 3*p + 46. What is the units digit of p?
3
Suppose f + i = -3*f + 544, 2*i = -f + 143. What is the hundreds digit of f?
1
Let b = 4 - 4. Suppose -4*r = -3*h - 26, 4*r + b*h - 30 = 5*h. Suppose 3*d = 5*v - 13, r*d + 2*v - 12 - 18 = 0. What is the units digit of d?
4
Suppose -21 = -3*f - 0*f. Let o = 20 - f. What is the tens digit of o?
1
Suppose q + 0*q = -3*d + 2, -d = 2*q - 4. Suppose d = -6*l + l + 20. Suppose l + 4 = 4*n. What is the units digit of n?
2
Suppose 2*h + 1 = -1, -4*q + 2*h + 1054 = 0. What is the units digit of q?
3
Suppose 6*s - 722 = -80. What is the units digit of s?
7
Let j(a) = a**3 + 5*a**2 + 7*a + 6. Let y be j(-4). Let o = y + 22. What is the tens digit of o?
1
Let c(w) = -7*w**2 - 7*w - 4. Let i(l) = l**2 - l - 1. Let r(a) = -c(a) + 5*i(a). What is the units digit of r(1)?
3
Let n = 9 - 16. Let w(c) = c**2 + 10*c + 2 + 2 - 3*c. What is the units digit of w(n)?
4
Suppose 0*d - 48 = -4*d. What is the units digit of d?
2
Let y(u) = -u**2 + 7*u + 11. Let m be y(8). Suppose -5 = -2*o + 3, -o = -m*b + 5. Suppose -6 = -q - b, -q + 36 = 3*f. What is the units digit of f?
1
Let y(p) = -8*p - 8. What is the tens digit of y(-10)?
7
Let o(t) = -4*t**2 + 7*t + 6. Let d(g) = g**2 - 2*g - 2. Let n(h) = -7*d(h) - 2*o(h). Let b be n(5). Suppose 4*p - b = 13. What is the tens digit of p?
1
What is the tens digit of (0 - -6) + -4 + 177?
7
Let b = -46 - -30. Let x = 1 - b. What is t